{"id":10,"date":"2017-03-27T22:21:49","date_gmt":"2017-03-27T20:21:49","guid":{"rendered":"http:\/\/feuerwehr-ruehle.de\/?page_id=10"},"modified":"2021-08-13T12:27:16","modified_gmt":"2021-08-13T10:27:16","slug":"geraetehaus","status":"publish","type":"page","link":"https:\/\/feuerwehr-ruehle.de\/?page_id=10","title":{"rendered":"Ger\u00e4tehaus"},"content":{"rendered":"\n<p><br><br><\/p>\n\n\n\n<figure class=\"wp-block-gallery columns-3 is-cropped wp-block-gallery-1 is-layout-flex wp-block-gallery-is-layout-flex\"><ul class=\"blocks-gallery-grid\"><li class=\"blocks-gallery-item\"><figure><img loading=\"lazy\" decoding=\"async\" width=\"1024\" height=\"576\" src=\"https:\/\/feuerwehr-ruehle.de\/wp-content\/uploads\/2017\/05\/DSCI0143-1024x576.jpg\" alt=\"\" data-id=\"300\" data-full-url=\"https:\/\/feuerwehr-ruehle.de\/wp-content\/uploads\/2017\/05\/DSCI0143.jpg\" data-link=\"https:\/\/feuerwehr-ruehle.de\/?attachment_id=300#main\" class=\"wp-image-300\" srcset=\"https:\/\/feuerwehr-ruehle.de\/wp-content\/uploads\/2017\/05\/DSCI0143-1024x576.jpg 1024w, https:\/\/feuerwehr-ruehle.de\/wp-content\/uploads\/2017\/05\/DSCI0143-300x169.jpg 300w, https:\/\/feuerwehr-ruehle.de\/wp-content\/uploads\/2017\/05\/DSCI0143-768x432.jpg 768w, https:\/\/feuerwehr-ruehle.de\/wp-content\/uploads\/2017\/05\/DSCI0143-350x197.jpg 350w, https:\/\/feuerwehr-ruehle.de\/wp-content\/uploads\/2017\/05\/DSCI0143-860x484.jpg 860w, https:\/\/feuerwehr-ruehle.de\/wp-content\/uploads\/2017\/05\/DSCI0143.jpg 1920w\" sizes=\"auto, (max-width: 1024px) 100vw, 1024px\" \/><\/figure><\/li><li class=\"blocks-gallery-item\"><figure><img loading=\"lazy\" decoding=\"async\" width=\"1024\" height=\"576\" src=\"https:\/\/feuerwehr-ruehle.de\/wp-content\/uploads\/2017\/05\/DSCI0148-1024x576.jpg\" alt=\"\" data-id=\"301\" data-full-url=\"https:\/\/feuerwehr-ruehle.de\/wp-content\/uploads\/2017\/05\/DSCI0148.jpg\" data-link=\"https:\/\/feuerwehr-ruehle.de\/?attachment_id=301#main\" class=\"wp-image-301\" srcset=\"https:\/\/feuerwehr-ruehle.de\/wp-content\/uploads\/2017\/05\/DSCI0148-1024x576.jpg 1024w, https:\/\/feuerwehr-ruehle.de\/wp-content\/uploads\/2017\/05\/DSCI0148-300x169.jpg 300w, https:\/\/feuerwehr-ruehle.de\/wp-content\/uploads\/2017\/05\/DSCI0148-768x432.jpg 768w, https:\/\/feuerwehr-ruehle.de\/wp-content\/uploads\/2017\/05\/DSCI0148-350x197.jpg 350w, https:\/\/feuerwehr-ruehle.de\/wp-content\/uploads\/2017\/05\/DSCI0148-860x484.jpg 860w, https:\/\/feuerwehr-ruehle.de\/wp-content\/uploads\/2017\/05\/DSCI0148.jpg 1920w\" sizes=\"auto, (max-width: 1024px) 100vw, 1024px\" \/><\/figure><\/li><li class=\"blocks-gallery-item\"><figure><img loading=\"lazy\" decoding=\"async\" width=\"1024\" height=\"576\" src=\"https:\/\/feuerwehr-ruehle.de\/wp-content\/uploads\/2017\/05\/DSCI0150-1024x576.jpg\" alt=\"\" data-id=\"302\" data-full-url=\"https:\/\/feuerwehr-ruehle.de\/wp-content\/uploads\/2017\/05\/DSCI0150.jpg\" data-link=\"https:\/\/feuerwehr-ruehle.de\/?attachment_id=302#main\" class=\"wp-image-302\" srcset=\"https:\/\/feuerwehr-ruehle.de\/wp-content\/uploads\/2017\/05\/DSCI0150-1024x576.jpg 1024w, https:\/\/feuerwehr-ruehle.de\/wp-content\/uploads\/2017\/05\/DSCI0150-300x169.jpg 300w, https:\/\/feuerwehr-ruehle.de\/wp-content\/uploads\/2017\/05\/DSCI0150-768x432.jpg 768w, https:\/\/feuerwehr-ruehle.de\/wp-content\/uploads\/2017\/05\/DSCI0150-350x197.jpg 350w, https:\/\/feuerwehr-ruehle.de\/wp-content\/uploads\/2017\/05\/DSCI0150-860x484.jpg 860w, https:\/\/feuerwehr-ruehle.de\/wp-content\/uploads\/2017\/05\/DSCI0150.jpg 1920w\" sizes=\"auto, (max-width: 1024px) 100vw, 1024px\" \/><\/figure><\/li><li class=\"blocks-gallery-item\"><figure><img loading=\"lazy\" decoding=\"async\" width=\"680\" height=\"454\" src=\"https:\/\/feuerwehr-ruehle.de\/wp-content\/uploads\/2017\/05\/Geratehaus_nachher_1_-_WEB.jpg\" alt=\"\" data-id=\"303\" data-full-url=\"https:\/\/feuerwehr-ruehle.de\/wp-content\/uploads\/2017\/05\/Geratehaus_nachher_1_-_WEB.jpg\" data-link=\"https:\/\/feuerwehr-ruehle.de\/?attachment_id=303#main\" class=\"wp-image-303\" srcset=\"https:\/\/feuerwehr-ruehle.de\/wp-content\/uploads\/2017\/05\/Geratehaus_nachher_1_-_WEB.jpg 680w, https:\/\/feuerwehr-ruehle.de\/wp-content\/uploads\/2017\/05\/Geratehaus_nachher_1_-_WEB-300x200.jpg 300w\" sizes=\"auto, (max-width: 680px) 100vw, 680px\" \/><\/figure><\/li><li class=\"blocks-gallery-item\"><figure><img loading=\"lazy\" decoding=\"async\" width=\"1024\" height=\"684\" src=\"https:\/\/feuerwehr-ruehle.de\/wp-content\/uploads\/2017\/05\/cropped-Geratehaus_nachher_2_-_WEB-1-1024x684.jpg\" alt=\"\" data-id=\"367\" data-full-url=\"https:\/\/feuerwehr-ruehle.de\/wp-content\/uploads\/2017\/05\/cropped-Geratehaus_nachher_2_-_WEB-1.jpg\" data-link=\"https:\/\/feuerwehr-ruehle.de\/?attachment_id=367\" class=\"wp-image-367\" srcset=\"https:\/\/feuerwehr-ruehle.de\/wp-content\/uploads\/2017\/05\/cropped-Geratehaus_nachher_2_-_WEB-1-1024x684.jpg 1024w, https:\/\/feuerwehr-ruehle.de\/wp-content\/uploads\/2017\/05\/cropped-Geratehaus_nachher_2_-_WEB-1-300x200.jpg 300w, https:\/\/feuerwehr-ruehle.de\/wp-content\/uploads\/2017\/05\/cropped-Geratehaus_nachher_2_-_WEB-1-768x513.jpg 768w, https:\/\/feuerwehr-ruehle.de\/wp-content\/uploads\/2017\/05\/cropped-Geratehaus_nachher_2_-_WEB-1.jpg 2000w\" sizes=\"auto, (max-width: 1024px) 100vw, 1024px\" \/><\/figure><\/li><li class=\"blocks-gallery-item\"><figure><img loading=\"lazy\" decoding=\"async\" width=\"477\" height=\"303\" src=\"https:\/\/feuerwehr-ruehle.de\/wp-content\/uploads\/2017\/05\/cropped-Geratehaus_nachher_2_-_WEB.jpg\" alt=\"\" data-id=\"309\" data-full-url=\"https:\/\/feuerwehr-ruehle.de\/wp-content\/uploads\/2017\/05\/cropped-Geratehaus_nachher_2_-_WEB.jpg\" data-link=\"https:\/\/feuerwehr-ruehle.de\/?attachment_id=309\" class=\"wp-image-309\" srcset=\"https:\/\/feuerwehr-ruehle.de\/wp-content\/uploads\/2017\/05\/cropped-Geratehaus_nachher_2_-_WEB.jpg 477w, https:\/\/feuerwehr-ruehle.de\/wp-content\/uploads\/2017\/05\/cropped-Geratehaus_nachher_2_-_WEB-300x191.jpg 300w\" sizes=\"auto, (max-width: 477px) 100vw, 477px\" \/><\/figure><\/li><\/ul><\/figure>\n\n\n\n<p><br><br><\/p>\n\n\n\n<h2>Bau des Carports f\u00fcr den MTW<\/h2><br><br>\n\n<p>F\u00fcr das angeschaffte MTW musste noch ein Carport gebaut werden.<br>\nDie Materialien wurde durch die Samtgemeinde Bodenwerder-Polle bereitgestellt.<br>\nDen Aufbau organisierten wir in unseren eigenen Reihen.<br>\nMaschinen f\u00fcr den Aushub und Pflasterarbeiten haben wir von unserem Kameraden Bj\u00f6rn Hansmann zur Verf\u00fcgung gestellt bekommen. <br>\nHier noch einmal recht herzlichen Dank daf\u00fcr.<br>\n\u00dcber Monate haben wir an dem Carport gebaut, Erdaushub, Fundamente setzen, Pflastern, etc.<br>\nRechtzeitig zum Winter wurde wir fertig, damit das MTW darunter Platz fand.<br>\nEs fehlt nur noch der Stromanschluss, dieser wird aber durch uns&nbsp;demn\u00e4chst angebracht und verkabelt.<br><br>\nWir bedanken uns auch hier noch einmal bei allen Helfern.<\/p>\n\n\n\n<div class=\"wp-block-columns is-layout-flex wp-container-core-columns-is-layout-9d6595d7 wp-block-columns-is-layout-flex\">\n<div class=\"wp-block-column is-layout-flow wp-block-column-is-layout-flow\" style=\"flex-basis:100%\">\n<figure class=\"wp-block-gallery columns-3 is-cropped wp-block-gallery-2 is-layout-flex wp-block-gallery-is-layout-flex\"><ul class=\"blocks-gallery-grid\"><li class=\"blocks-gallery-item\"><figure><img loading=\"lazy\" decoding=\"async\" width=\"1024\" height=\"497\" src=\"https:\/\/feuerwehr-ruehle.de\/wp-content\/uploads\/2021\/08\/20190615_100858.jpg\" alt=\"\" data-id=\"600\" data-full-url=\"https:\/\/feuerwehr-ruehle.de\/wp-content\/uploads\/2021\/08\/20190615_100858.jpg\" data-link=\"https:\/\/feuerwehr-ruehle.de\/?attachment_id=600#main\" class=\"wp-image-600\" srcset=\"https:\/\/feuerwehr-ruehle.de\/wp-content\/uploads\/2021\/08\/20190615_100858.jpg 1024w, https:\/\/feuerwehr-ruehle.de\/wp-content\/uploads\/2021\/08\/20190615_100858-300x146.jpg 300w, https:\/\/feuerwehr-ruehle.de\/wp-content\/uploads\/2021\/08\/20190615_100858-768x373.jpg 768w\" sizes=\"auto, (max-width: 1024px) 100vw, 1024px\" \/><\/figure><\/li><li class=\"blocks-gallery-item\"><figure><img loading=\"lazy\" decoding=\"async\" width=\"1024\" height=\"497\" src=\"https:\/\/feuerwehr-ruehle.de\/wp-content\/uploads\/2021\/08\/20190615_100858-1.jpg\" alt=\"\" data-id=\"601\" data-full-url=\"https:\/\/feuerwehr-ruehle.de\/wp-content\/uploads\/2021\/08\/20190615_100858-1.jpg\" data-link=\"https:\/\/feuerwehr-ruehle.de\/?attachment_id=601#main\" class=\"wp-image-601\" srcset=\"https:\/\/feuerwehr-ruehle.de\/wp-content\/uploads\/2021\/08\/20190615_100858-1.jpg 1024w, https:\/\/feuerwehr-ruehle.de\/wp-content\/uploads\/2021\/08\/20190615_100858-1-300x146.jpg 300w, https:\/\/feuerwehr-ruehle.de\/wp-content\/uploads\/2021\/08\/20190615_100858-1-768x373.jpg 768w\" sizes=\"auto, (max-width: 1024px) 100vw, 1024px\" \/><\/figure><\/li><li class=\"blocks-gallery-item\"><figure><img loading=\"lazy\" decoding=\"async\" width=\"1024\" height=\"497\" src=\"https:\/\/feuerwehr-ruehle.de\/wp-content\/uploads\/2021\/08\/20190615_100939.jpg\" alt=\"\" data-id=\"602\" data-full-url=\"https:\/\/feuerwehr-ruehle.de\/wp-content\/uploads\/2021\/08\/20190615_100939.jpg\" data-link=\"https:\/\/feuerwehr-ruehle.de\/?attachment_id=602#main\" class=\"wp-image-602\" srcset=\"https:\/\/feuerwehr-ruehle.de\/wp-content\/uploads\/2021\/08\/20190615_100939.jpg 1024w, https:\/\/feuerwehr-ruehle.de\/wp-content\/uploads\/2021\/08\/20190615_100939-300x146.jpg 300w, https:\/\/feuerwehr-ruehle.de\/wp-content\/uploads\/2021\/08\/20190615_100939-768x373.jpg 768w\" sizes=\"auto, (max-width: 1024px) 100vw, 1024px\" \/><\/figure><\/li><li class=\"blocks-gallery-item\"><figure><img loading=\"lazy\" decoding=\"async\" width=\"1024\" height=\"497\" src=\"https:\/\/feuerwehr-ruehle.de\/wp-content\/uploads\/2021\/08\/20190913_191923.jpg\" alt=\"\" data-id=\"603\" data-full-url=\"https:\/\/feuerwehr-ruehle.de\/wp-content\/uploads\/2021\/08\/20190913_191923.jpg\" data-link=\"https:\/\/feuerwehr-ruehle.de\/?attachment_id=603#main\" class=\"wp-image-603\" srcset=\"https:\/\/feuerwehr-ruehle.de\/wp-content\/uploads\/2021\/08\/20190913_191923.jpg 1024w, https:\/\/feuerwehr-ruehle.de\/wp-content\/uploads\/2021\/08\/20190913_191923-300x146.jpg 300w, https:\/\/feuerwehr-ruehle.de\/wp-content\/uploads\/2021\/08\/20190913_191923-768x373.jpg 768w\" sizes=\"auto, (max-width: 1024px) 100vw, 1024px\" \/><\/figure><\/li><li class=\"blocks-gallery-item\"><figure><img loading=\"lazy\" decoding=\"async\" width=\"1024\" height=\"497\" src=\"https:\/\/feuerwehr-ruehle.de\/wp-content\/uploads\/2021\/08\/20191116_114842.jpg\" alt=\"\" data-id=\"604\" data-full-url=\"https:\/\/feuerwehr-ruehle.de\/wp-content\/uploads\/2021\/08\/20191116_114842.jpg\" data-link=\"https:\/\/feuerwehr-ruehle.de\/?attachment_id=604#main\" class=\"wp-image-604\" srcset=\"https:\/\/feuerwehr-ruehle.de\/wp-content\/uploads\/2021\/08\/20191116_114842.jpg 1024w, https:\/\/feuerwehr-ruehle.de\/wp-content\/uploads\/2021\/08\/20191116_114842-300x146.jpg 300w, https:\/\/feuerwehr-ruehle.de\/wp-content\/uploads\/2021\/08\/20191116_114842-768x373.jpg 768w\" sizes=\"auto, (max-width: 1024px) 100vw, 1024px\" \/><\/figure><\/li><li class=\"blocks-gallery-item\"><figure><img loading=\"lazy\" decoding=\"async\" width=\"1024\" height=\"497\" src=\"https:\/\/feuerwehr-ruehle.de\/wp-content\/uploads\/2021\/08\/20191208_134649.jpg\" alt=\"\" data-id=\"605\" data-full-url=\"https:\/\/feuerwehr-ruehle.de\/wp-content\/uploads\/2021\/08\/20191208_134649.jpg\" data-link=\"https:\/\/feuerwehr-ruehle.de\/?attachment_id=605#main\" class=\"wp-image-605\" srcset=\"https:\/\/feuerwehr-ruehle.de\/wp-content\/uploads\/2021\/08\/20191208_134649.jpg 1024w, https:\/\/feuerwehr-ruehle.de\/wp-content\/uploads\/2021\/08\/20191208_134649-300x146.jpg 300w, https:\/\/feuerwehr-ruehle.de\/wp-content\/uploads\/2021\/08\/20191208_134649-768x373.jpg 768w\" sizes=\"auto, (max-width: 1024px) 100vw, 1024px\" \/><\/figure><\/li><li class=\"blocks-gallery-item\"><figure><img loading=\"lazy\" decoding=\"async\" width=\"1024\" height=\"497\" src=\"https:\/\/feuerwehr-ruehle.de\/wp-content\/uploads\/2021\/08\/20191208_144311.jpg\" alt=\"\" data-id=\"606\" data-full-url=\"https:\/\/feuerwehr-ruehle.de\/wp-content\/uploads\/2021\/08\/20191208_144311.jpg\" data-link=\"https:\/\/feuerwehr-ruehle.de\/?attachment_id=606#main\" class=\"wp-image-606\" srcset=\"https:\/\/feuerwehr-ruehle.de\/wp-content\/uploads\/2021\/08\/20191208_144311.jpg 1024w, https:\/\/feuerwehr-ruehle.de\/wp-content\/uploads\/2021\/08\/20191208_144311-300x146.jpg 300w, https:\/\/feuerwehr-ruehle.de\/wp-content\/uploads\/2021\/08\/20191208_144311-768x373.jpg 768w\" sizes=\"auto, (max-width: 1024px) 100vw, 1024px\" \/><\/figure><\/li><li class=\"blocks-gallery-item\"><figure><img loading=\"lazy\" decoding=\"async\" width=\"1024\" height=\"497\" src=\"https:\/\/feuerwehr-ruehle.de\/wp-content\/uploads\/2021\/08\/20191208_151656.jpg\" alt=\"\" data-id=\"607\" data-full-url=\"https:\/\/feuerwehr-ruehle.de\/wp-content\/uploads\/2021\/08\/20191208_151656.jpg\" data-link=\"https:\/\/feuerwehr-ruehle.de\/?attachment_id=607#main\" class=\"wp-image-607\" srcset=\"https:\/\/feuerwehr-ruehle.de\/wp-content\/uploads\/2021\/08\/20191208_151656.jpg 1024w, https:\/\/feuerwehr-ruehle.de\/wp-content\/uploads\/2021\/08\/20191208_151656-300x146.jpg 300w, https:\/\/feuerwehr-ruehle.de\/wp-content\/uploads\/2021\/08\/20191208_151656-768x373.jpg 768w\" sizes=\"auto, (max-width: 1024px) 100vw, 1024px\" \/><\/figure><\/li><li class=\"blocks-gallery-item\"><figure><img loading=\"lazy\" decoding=\"async\" width=\"1024\" height=\"497\" src=\"https:\/\/feuerwehr-ruehle.de\/wp-content\/uploads\/2021\/08\/20191208_151739.jpg\" alt=\"\" data-id=\"608\" data-full-url=\"https:\/\/feuerwehr-ruehle.de\/wp-content\/uploads\/2021\/08\/20191208_151739.jpg\" data-link=\"https:\/\/feuerwehr-ruehle.de\/?attachment_id=608#main\" class=\"wp-image-608\" srcset=\"https:\/\/feuerwehr-ruehle.de\/wp-content\/uploads\/2021\/08\/20191208_151739.jpg 1024w, https:\/\/feuerwehr-ruehle.de\/wp-content\/uploads\/2021\/08\/20191208_151739-300x146.jpg 300w, https:\/\/feuerwehr-ruehle.de\/wp-content\/uploads\/2021\/08\/20191208_151739-768x373.jpg 768w\" sizes=\"auto, (max-width: 1024px) 100vw, 1024px\" \/><\/figure><\/li><li class=\"blocks-gallery-item\"><figure><img loading=\"lazy\" decoding=\"async\" width=\"1024\" height=\"497\" src=\"https:\/\/feuerwehr-ruehle.de\/wp-content\/uploads\/2021\/08\/20191215_144249.jpg\" alt=\"\" data-id=\"609\" data-full-url=\"https:\/\/feuerwehr-ruehle.de\/wp-content\/uploads\/2021\/08\/20191215_144249.jpg\" data-link=\"https:\/\/feuerwehr-ruehle.de\/?attachment_id=609#main\" class=\"wp-image-609\" srcset=\"https:\/\/feuerwehr-ruehle.de\/wp-content\/uploads\/2021\/08\/20191215_144249.jpg 1024w, https:\/\/feuerwehr-ruehle.de\/wp-content\/uploads\/2021\/08\/20191215_144249-300x146.jpg 300w, https:\/\/feuerwehr-ruehle.de\/wp-content\/uploads\/2021\/08\/20191215_144249-768x373.jpg 768w\" sizes=\"auto, (max-width: 1024px) 100vw, 1024px\" \/><\/figure><\/li><li class=\"blocks-gallery-item\"><figure><img loading=\"lazy\" decoding=\"async\" width=\"1024\" height=\"497\" src=\"https:\/\/feuerwehr-ruehle.de\/wp-content\/uploads\/2021\/08\/20210126_082930.jpg\" alt=\"\" data-id=\"610\" data-full-url=\"https:\/\/feuerwehr-ruehle.de\/wp-content\/uploads\/2021\/08\/20210126_082930.jpg\" data-link=\"https:\/\/feuerwehr-ruehle.de\/?attachment_id=610#main\" class=\"wp-image-610\" srcset=\"https:\/\/feuerwehr-ruehle.de\/wp-content\/uploads\/2021\/08\/20210126_082930.jpg 1024w, https:\/\/feuerwehr-ruehle.de\/wp-content\/uploads\/2021\/08\/20210126_082930-300x146.jpg 300w, https:\/\/feuerwehr-ruehle.de\/wp-content\/uploads\/2021\/08\/20210126_082930-768x373.jpg 768w\" sizes=\"auto, (max-width: 1024px) 100vw, 1024px\" \/><\/figure><\/li><li class=\"blocks-gallery-item\"><figure><img loading=\"lazy\" decoding=\"async\" width=\"1024\" height=\"497\" src=\"https:\/\/feuerwehr-ruehle.de\/wp-content\/uploads\/2021\/08\/20210126_083002.jpg\" alt=\"\" data-id=\"611\" data-full-url=\"https:\/\/feuerwehr-ruehle.de\/wp-content\/uploads\/2021\/08\/20210126_083002.jpg\" data-link=\"https:\/\/feuerwehr-ruehle.de\/?attachment_id=611#main\" class=\"wp-image-611\" srcset=\"https:\/\/feuerwehr-ruehle.de\/wp-content\/uploads\/2021\/08\/20210126_083002.jpg 1024w, https:\/\/feuerwehr-ruehle.de\/wp-content\/uploads\/2021\/08\/20210126_083002-300x146.jpg 300w, https:\/\/feuerwehr-ruehle.de\/wp-content\/uploads\/2021\/08\/20210126_083002-768x373.jpg 768w\" sizes=\"auto, (max-width: 1024px) 100vw, 1024px\" \/><\/figure><\/li><\/ul><\/figure>\n<\/div>\n<\/div>\n","protected":false},"excerpt":{"rendered":"<p>Bau des Carports f\u00fcr den MTW F\u00fcr das angeschaffte MTW musste noch ein Carport gebaut werden. Die Materialien wurde durch die Samtgemeinde Bodenwerder-Polle bereitgestellt. Den Aufbau organisierten wir in unseren eigenen Reihen. Maschinen f\u00fcr den Aushub und Pflasterarbeiten haben wir von unserem Kameraden Bj\u00f6rn Hansmann zur Verf\u00fcgung gestellt bekommen. Hier noch einmal recht herzlichen Dank <a class=\"more-link\" href=\"https:\/\/feuerwehr-ruehle.de\/?page_id=10\">weiterlesen&#8230;<\/a><\/p>\n","protected":false},"author":1,"featured_media":0,"parent":0,"menu_order":0,"comment_status":"closed","ping_status":"closed","template":"","meta":{"footnotes":""},"class_list":["post-10","page","type-page","status-publish","hentry"],"_links":{"self":[{"href":"https:\/\/feuerwehr-ruehle.de\/index.php?rest_route=\/wp\/v2\/pages\/10","targetHints":{"allow":["GET"]}}],"collection":[{"href":"https:\/\/feuerwehr-ruehle.de\/index.php?rest_route=\/wp\/v2\/pages"}],"about":[{"href":"https:\/\/feuerwehr-ruehle.de\/index.php?rest_route=\/wp\/v2\/types\/page"}],"author":[{"embeddable":true,"href":"https:\/\/feuerwehr-ruehle.de\/index.php?rest_route=\/wp\/v2\/users\/1"}],"replies":[{"embeddable":true,"href":"https:\/\/feuerwehr-ruehle.de\/index.php?rest_route=%2Fwp%2Fv2%2Fcomments&post=10"}],"version-history":[{"count":5,"href":"https:\/\/feuerwehr-ruehle.de\/index.php?rest_route=\/wp\/v2\/pages\/10\/revisions"}],"predecessor-version":[{"id":613,"href":"https:\/\/feuerwehr-ruehle.de\/index.php?rest_route=\/wp\/v2\/pages\/10\/revisions\/613"}],"wp:attachment":[{"href":"https:\/\/feuerwehr-ruehle.de\/index.php?rest_route=%2Fwp%2Fv2%2Fmedia&parent=10"}],"curies":[{"name":"wp","href":"https:\/\/api.w.org\/{rel}","templated":true}]}}